 divide 1079?
True
Does 9 divide 855?
True
Is 1496 a multiple of 34?
True
Is 50686 a multiple of 332?
False
Is 5568 a multiple of 76?
False
Does 12 divide 7620?
True
Is 24 a factor of 730?
False
Is 69972 a multiple of 28?
True
Is 28 a factor of 1035?
False
Does 22 divide 129?
False
Is 76 even?
True
Is 8 a factor of 200?
True
Is 14 a factor of 120?
False
Does 12 divide 38160?
True
Is 8 a factor of 2346?
False
Is 64850 a multiple of 411?
False
Is 10944 a multiple of 114?
True
Is 1322 a multiple of 89?
False
Is 203 a factor of 44051?
True
Is 1601 a multiple of 126?
False
Does 18 divide 2826?
True
Does 85 divide 7310?
True
Does 71 divide 29968?
False
Is 54 a factor of 42918?
False
Does 3 divide 528?
True
Does 7 divide 28?
True
Does 5 divide 1475?
True
Is 28 even?
True
Does 70 divide 140?
True
Is 13 a factor of 369?
False
Is 12 a factor of 60?
True
Is 329 a multiple of 7?
True
Is 3 a factor of 11458?
False
Does 63 divide 1386?
True
Is 3580 a multiple of 52?
False
Does 32 divide 416?
True
Is 14 a factor of 3976?
True
Is 7 a factor of 693?
True
Is 10 a factor of 3970?
True
Is 15 a factor of 45044?
False
Is 4203 a multiple of 6?
False
Does 3 divide 280?
False
Does 13 divide 8174?
False
Is 44 a factor of 1276?
True
Is 434 a multiple of 7?
True
Does 107 divide 72332?
True
Is 256 a multiple of 4?
True
Is 19656 a multiple of 168?
True
Is 108 a factor of 7344?
True
Does 25 divide 350?
True
Does 54 divide 13222?
False
Does 13 divide 5382?
True
Is 60434 a multiple of 41?
True
Is 14420 a multiple of 35?
True
Is 48 a factor of 1824?
True
Is 746 a multiple of 16?
False
Is 71 a factor of 4615?
True
Does 92 divide 3134?
False
Does 14 divide 4327?
False
Is 80184 a multiple of 156?
True
Is 8 a factor of 13719?
False
Is 7 a factor of 16394?
True
Is 19348 a multiple of 84?
False
Is 151 a multiple of 44?
False
Is 598 a multiple of 23?
True
Does 96 divide 384?
True
Does 75 divide 900?
True
Is 92 a factor of 5888?
True
Is 1013 a multiple of 34?
False
Is 955 a multiple of 5?
True
Is 593 a multiple of 20?
False
Does 67 divide 21136?
False
Is 668 a multiple of 15?
False
Is 7 a factor of 30797?
False
Is 5232 a multiple of 16?
True
Is 11344 a multiple of 241?
False
Is 150 a multiple of 3?
True
Does 260 divide 15340?
True
Is 452 a multiple of 7?
False
Is 192 a factor of 10944?
True
Does 27 divide 37?
False
Is 77064 a multiple of 6?
True
Is 94 a multiple of 34?
False
Does 17 divide 465?
False
Is 73 a factor of 32339?
True
Is 6 a factor of 2551?
False
Is 1691 a multiple of 19?
True
Is 56 a factor of 2046?
False
Does 2 divide 179?
False
Does 17 divide 1207?
True
Is 16 a factor of 8832?
True
Is 11 a factor of 363?
True
Does 24 divide 1248?
True
Is 4 a factor of 212?
True
Does 49 divide 694?
False
Is 16 a factor of 65?
False
Does 16 divide 4492?
False
Does 22 divide 23340?
False
Does 6 divide 2860?
False
Is 294 a multiple of 21?
True
Does 15 divide 1048?
False
Does 13 divide 481?
True
Is 11214 a multiple of 21?
True
Is 31061 a multiple of 17?
False
Is 35193 a multiple of 25?
False
Does 5 divide 200?
True
Does 15 divide 465?
True
Does 230 divide 112483?
False
Does 10 divide 1455?
False
Is 86 a factor of 5762?
True
Does 12 divide 236?
False
Does 111 divide 8214?
True
Does 64 divide 14080?
True
Is 3079 a multiple of 33?
False
Does 37 divide 4166?
False
Is 151 a factor of 5134?
True
Is 37 a factor of 2301?
False
Is 34 a factor of 1666?
True
Does 7 divide 64555?
False
Is 51 a factor of 5425?
False
Does 2 divide 3777?
False
Is 8 a factor of 416?
True
Does 29 divide 23664?
True
Is 2884 a multiple of 14?
True
Does 6 divide 44520?
True
Does 41 divide 3186?
False
Is 416 even?
True
Is 305 a multiple of 5?
True
Is 40 a factor of 21856?
False
Does 40 divide 269?
False
Is 26 a factor of 1622?
False
Is 262 a factor of 56906?
False
Is 5588 a multiple of 94?
False
Is 12 a factor of 36767?
False
Is 13 a factor of 281?
False
Is 224 a multiple of 28?
True
Is 304 a multiple of 13?
False
Is 1467 a multiple of 9?
True
Is 9956 a multiple of 15?
False
Is 63 a factor of 630?
True
Does 12 divide 31956?
True
Does 119 divide 357?
True
Is 20 a factor of 2476?
False
Does 26 divide 939?
False
Is 9 a factor of 21496?
False
Is 1968 a multiple of 2?
True
Is 72 a multiple of 4?
True
Is 24 a factor of 44088?
True
Is 12 a factor of 1992?
True
Is 53 a factor of 1649?
False
Does 54 divide 770?
False
Is 145 a factor of 9715?
True
Does 9 divide 2029?
False
Is 22 a factor of 31724?
True
Is 47958 a multiple of 31?
False
Does 26 divide 1118?
True
Is 1805 a multiple of 108?
False
Does 11 divide 1089?
True
Is 26244 a multiple of 108?
True
Is 555 a multiple of 7?
False
Is 42 a factor of 37709?
False
Is 13616 a multiple of 46?
True
Does 4 divide 775?
False
Is 3236 a multiple of 73?
False
Is 43769 a multiple of 136?
False
Is 2184 a multiple of 52?
True
Is 3627 a multiple of 9?
True
Is 15170 a multiple of 10?
True
Does 12 divide 67?
False
Is 80 a factor of 50320?
True
Is 26 a factor of 997?
False
Is 10163 a multiple of 93?
False
Does 218 divide 6540?
True
Is 71 a multiple of 5?
False
Is 8 a factor of 384?
True
Is 7139 a multiple of 50?
False
Is 6193 a multiple of 22?
False
Is 19 a factor of 681?
False
Does 111 divide 222?
True
Does 46 divide 64196?
False
Does 15 divide 1009?
False
Is 17 a factor of 4213?
False
Is 29 a factor of 111128?
True
Does 44 divide 39468?
True
Does 135 divide 6748?
False
Is 92 a factor of 11567?
False
Is 573 a multiple of 44?
False
Does 27 divide 2241?
True
Does 43 divide 1154?
False
Does 2 divide 3201?
False
Does 2 divide 60?
True
Does 31 divide 186?
True
Is 80 a factor of 640?
True
Does 62 divide 466?
False
Is 9 a factor of 216?
True
Does 33 divide 2577?
False
Is 170 a factor of 11560?
True
Is 520 a multiple of 20?
True
Is 77 a factor of 9471?
True
Does 37 divide 18365?
False
Is 1177 a multiple of 107?
True
Is 64 a factor of 1344?
True
Is 1821 a multiple of 33?
False
Is 13 a factor of 226?
False
Is 5 a factor of 181?
False
Does 18 divide 2163?
False
Is 2436 a multiple of 14?
True
Is 85 a factor of 21845?
True
Is 11172 a multiple of 12?
True
Does 15 divide 2398?
False
Does 39 divide 4559?
False
Is 5 a factor of 96?
False
Is 514 a multiple of 4?
False
Is 830 a multiple of 10?
True
Is 66 a factor of 10265?
False
Is 968 a multiple of 11?
True
Does 142 divide 8818?
False
Does 43 divide 7056?
False
Does 38 divide 9538?
True
Is 16 a factor of 10928?
True
Is 3000 a multiple of 10?
True
Does 32 divide 234?
False
Is 1841 a multiple of 33?
False
Does 3 divide 725?
False
Is 239 a multiple of 13?
False
Is 2453 a multiple of 32?
False
Is 792 a multiple of 72?
True
Does 58 divide 7656?
True
Does 235 divide 35522?
False
Does 21 divide 3740?
False
Is 135 a factor of 118486?
False
Is 565 a multiple of 2?
False
Does 5 divide 41031?
False
Is 24 a factor of 1370?
False
Is 15 a factor of 26324?
False
Does 160 divide 1570?
False
Is 11 a factor of 28325?
True
Does 217 divide 45787?
True
Is 3 a factor of 612?
True
Is 97251 a multiple of 33?
True
Is 17090 a multiple of 179?
False
Does 21 divide 13713?
True
Does 40 divide 11560?
True
Is 5093 a multiple of 25?
False
Does 2 divide 69?
False
Is 98 a factor of 1372?
True
Is 22 a factor of 3124?
True
Does 56 divide 63560?
True
Is 5170 a multiple of 94?
True
Is 4 a factor of 4976?
True
Does 8 divide 256?
True
Is 11 a factor of 1667?
False
Is 15564 a multiple of 7?
False
Is 25473 a multiple of 99?
False
Is 38 a factor of 582?
False
Is 11520 a multiple of 240?
True
Is 230 a multiple of 2?
True
Is 19 a factor of 456?
True
Does 20 divide 1440?
True
Is 13 a factor of 156?
True
Does 47 divide 51134?
False
Is 10030 a multiple of 59?
True
Is 15384 a multiple of 14?
False
Does 10 divide 556?
False
Does 186 divide 35340?
True
Is 98 a multiple of 40?
False
Is 74 a factor of 2812?
True
Is 116 a multiple of 18?
False
Is 13 a factor of 8165?
False
Does 34 divide 10778?
True
Is 11 a factor of 121?
True
Is 3943 a multiple of 3?
False
Is 22 a factor of 6336?
True
Is 135 a multiple of 14?
False
Is 1430 a multiple of 22?
True
Does 24 divide 5348?
False
Is 108 a factor of 4176?
False
Is 1156 a multiple of 17?
True
Is 3 a factor of 75?
True
Is 4 a factor of 76?
True
Does 10 divide 20620?
True
Is 7 a factor of 13853?
True
Is 10 a factor of 9150?
True
Does 6 divide 714?
True
Is 16 a factor of 3968?
True
I